 i(-11)?
15
Suppose -8*p + 165 = -155. What is the remainder when p is divided by 25?
15
Let j(d) = 19*d**2 - 3*d - 3. What is the remainder when j(3) is divided by 7?
5
Let q be ((-138)/4)/((-1)/8*4). Suppose -q = -5*g + 56. What is the remainder when g is divided by 7?
4
Let q be ((-108)/(-45))/(2/(-15)). Let u be (q/12)/(6/(-44)). Suppose k - u = -9. Calculate the remainder when k is divided by 2.
0
Suppose -4*b - 6*p = -216, -14*b + 216 = -10*b + 3*p. What is the remainder when 154 is divided by b?
46
Calculate the remainder when 433 is divided by (124/3)/(2*(-4)/(-12)).
61
Suppose -511 = 53*y - 1571. Suppose 0 = 3*f + c - 219, -f - 6 = -5*c - 79. What is the remainder when f is divided by y?
13
Suppose 23 = 2*z - 4*r - 237, -2*z + 275 = -r. Calculate the remainder when z is divided by 71.
69
Let u = -66 + 68. Suppose -c + u*x = -21, 0 = -5*c - 2*x - x + 144. What is the remainder when c is divided by 7?
6
Let t(h) = -h**3 + 45*h**2 - 80*h - 40. Calculate the remainder when t(43) is divided by 55.
53
Let q(b) = b**3 - 12*b**2 - 31*b - 7. Let a be q(14). Let z = 2 - a. Calculate the remainder when z is divided by 13.
12
Let r(j) = -j**2 + 15*j + 13. Let l be ((-13)/(-39))/((-2)/(-96)). Let y be r(l). What is the remainder when 33 is divided by (y/(-2))/(6/68)?
16
Let t(n) = 20*n + 11. Let d be t(5). Let g = -56 + d. Calculate the remainder when g is divided by 29.
26
Calculate the remainder when 43 is divided by 14/70 + (74/(-5))/(-1).
13
Suppose -9*f - 5*o = -14*f + 60, 4*o = 8. Calculate the remainder when 264 is divided by f.
12
Let j = 13 - 0. Let o be 0 - (-11 + 4 + 1). Suppose 5*v - 2 = -w - 3, -w = -2*v - o. What is the remainder when j is divided by w?
1
Suppose 20*s = 25*s - 115. Calculate the remainder when s is divided by 21.
2
Suppose 5*i - 31 = -3*r, 0 = 2*r + 3*i - 6*i - 27. Suppose 2*h - 5*j - 31 = 0, -2*h + 5*h + 2*j = -1. Calculate the remainder when r is divided by h.
0
Suppose 2*k + 144 = 8*k. Calculate the remainder when (-3)/(1 + (-24)/23) is divided by k.
21
Let h(d) be the third derivative of d**5/60 + d**4/12 + 5*d**3/3 + 9*d**2. Calculate the remainder when h(-6) is divided by 12.
10
Suppose 728*m - 729*m = -11. Let g = -20 - -52. Suppose 0 = y - 0*y - g. Calculate the remainder when y is divided by m.
10
Suppose -1 = -2*p - 9, -3*d - 2*p + 112 = 0. What is the remainder when (-4)/(21 - -3)*-2*228 is divided by d?
36
Let o(t) = t**2 - 8*t - 45. Let w be o(12). Suppose 2*s = -w*b + 38, 3*b = b + 2*s + 22. What is the remainder when 71 is divided by b?
11
Let j = 138 + -132. What is the remainder when 59 is divided by j?
5
Suppose -13*c = -8*c - 35. What is the remainder when 310/c - (-18)/(-63) is divided by 8?
4
Suppose 13*t - 225 - 880 = 0. What is the remainder when t is divided by 48?
37
Let y(u) = u**2 - 7*u + 9. Let j be y(6). Suppose -4*s = -j*s - 68. What is the remainder when s is divided by 10?
8
Let o = -221 - -406. What is the remainder when o is divided by 10?
5
Let f(z) = z**3 + z**2 + 4. Let i be (-1)/4 - 26/(-8). Suppose 72*d + 104*d + 17*d - 2702 = 0. Calculate the remainder when f(i) is divided by d.
12
Let k(r) = -r**3 + 6*r**2 + 6. Suppose 0 = 5*y + 4*u - 17, 0 = -3*y + u - 5*u + 7. What is the remainder when k(y) is divided by 18?
13
Suppose 0 = 10*d - 16*d + 1770. Calculate the remainder when d is divided by 33.
31
Let s = 2 - 2. Let y be -6*(-3)/(-3 + s). Calculate the remainder when -6*((-10)/y - 2) is divided by 2.
0
What is the remainder when -1 + 505/2 - (-57)/38 is divided by 19?
6
What is the remainder when 2291 is divided by ((-50)/100)/(1 - (-25)/(-24))?
11
Let a = 5 - -30. Let x(l) = l**3 + 33*l**2 - 34*l + 6. Let k be x(-34). Suppose a = g + k. What is the remainder when g is divided by 16?
13
Let p = 13 - 7. Suppose 0 = -5*q - 25, q = p*i - i - 270. Suppose -5*h = -4*h - 14. What is the remainder when i is divided by h?
11
Let m(a) = -2*a**2 + 32*a - 4. What is the remainder when m(14) is divided by 27?
25
Suppose 4*c = -8, -3*c - 315 = -3*k - 6*c. What is the remainder when 313 is divided by k?
99
Suppose -5*f - 12 = -q, 2*f = -4*q - 3*f - 2. Suppose 3*p = q*u + 142, 2*p - 2*u - 45 = 49. What is the remainder when p is divided by 26?
22
Let o(a) = -3*a - 8. Let c(w) = 2*w + 8. Let u(l) = -4*c(l) - 3*o(l). What is the remainder when 8 is divided by u(11)?
2
Suppose 7 = 3*t - 41. Suppose 9*k + 92 = 371. Calculate the remainder when k is divided by t.
15
Let d = -646 - -649. Calculate the remainder when 66 is divided by d.
0
Suppose -8 + 28 = -4*i. Let v(x) = -9*x + 1. Suppose 224 = 20*y - 6*y. What is the remainder when v(i) is divided by y?
14
Let m = 19 + 28. Suppose 2*p - m = 83. Suppose -v = 2*b - 15 - 0, 5*v - b = 86. What is the remainder when p is divided by v?
14
Suppose 8*o - 13*o + 970 = 0. What is the remainder when -2*o/(-13) + (-2)/(-13) is divided by 8?
6
Let h(p) = -p**3 - p**2 + 2*p + 3. Let m be h(-2). Suppose m*l = -52 + 262. Calculate the remainder when l is divided by 19.
13
Suppose 5*r = -4*g + 277, 6*r + 4*g - 163 = 3*r. Let k = -2776 + 2791. Calculate the remainder when r is divided by k.
12
Suppose 5*r + 51 = 3*p - 150, -3*p - 2*r + 201 = 0. Suppose 3*s - p = 83. Calculate the remainder when s is divided by 18.
14
Let u be 6/(-14) + 320/28. Calculate the remainder when 18 is divided by 2 - (-11)/(u/4).
0
Suppose -5*l = 157 - 707. Suppose 0 = -5*t - 40 + l. Let i = 149 + -95. What is the remainder when i is divided by t?
12
Let g = 25 + -21. Suppose -g*q = 2*o - 6*o + 4, -5*o - q = -29. Calculate the remainder when 18 is divided by o.
3
Let c(y) = -y - 7. Calculate the remainder when 43 is divided by c(-29).
21
Let a be 5/(-3) + (-2)/6. Let s be (1 - (-1 + a)) + 0. Suppose 12 = 8*l - s*l. What is the remainder when 5 is divided by l?
2
Let h = -196 + 243. What is the remainder when 139 is divided by h?
45
Let i(g) = -g - 8. Let l be i(-9). Let d(f) = -20*f + 9*f + 13*f. Calculate the remainder when 6 is divided by d(l).
0
Let h = 8 + -4. Let u(k) = -k**3 - 4*k**2 + 10*k + 34. Let s be u(-5). Suppose h*x + 145 = s*x. What is the remainder when x is divided by 8?
5
Suppose 4*g - 2*j = 10, 2*j - 4 - 4 = -5*g. Let m(c) = -3*c - 48. Let b be 8/(-80) + (-358)/20. What is the remainder when m(b) is divided by g?
0
Suppose 23 + 42 = 5*b. Calculate the remainder when (-11254)/(-306) + 2/9 is divided by b.
11
Let k(h) = h**3 - 9*h**2 - 4*h - 1. What is the remainder when k(10) is divided by 2 + 123/6 + (-12)/8?
17
Suppose 5*n - 202 = 123. Suppose 0 = 63*f - n*f + 246. What is the remainder when f is divided by 42?
39
Suppose 6*d - 6 = 4*d. Let o(p) = 3*p**2 - 3*p**3 + 5*p + 2*p**3 + 17 - 21. Calculate the remainder when o(d) is divided by 7.
4
Let i be 4/(-26) + 324/78. Calculate the remainder when (i - 3)/(3/279) is divided by 24.
21
Suppose k + i = -4*k - 29, 5*k + 5 = 5*i. Let d = 4 - k. Suppose 7*b + 28 = d*b. Calculate the remainder when 53 is divided by b.
11
Suppose -5*k + 0 + 30 = 0. Suppose -4*u - 5*o = -58, 0 = u - k*u + 3*o + 91. Calculate the remainder when 48 is divided by u.
14
Let g be 9/45 - (2 - (-128)/(-10)). What is the remainder when 103 is divided by (2/(-8)*-10)/(g/66)?
13
Let j = 224 + -160. Calculate the remainder when j is divided by 20.
4
Let g = -27 + 32. Suppose 7*t - 16 = g*t. What is the remainder when 13 is divided by t?
5
Suppose -8*n - 220 = 84. Let h = n + 60. Calculate the remainder when 152 is divided by h.
20
Let u(h) = -2*h**2 - 1. Let c = 5 - 6. Let y be u(c). Let l = 7 - y. Calculate the remainder when l is divided by 4.
2
Let o(x) = x**2 - 17*x - 19. Let i be o(18). Calculate the remainder when 6 is divided by i*(-8 - (-6 + 2)).
2
Let v(a) = a**3 + 6*a**2 - a - 3. Suppose p + 4 = -0. What is the remainder when v(p) is divided by -85*(-24 - -11)/65?
16
Suppose 0 = -4*t + 3*i + 209, 16 = -4*t - 4*i + 260. Calculate the remainder when 111 is divided by t.
55
Let f(z) = z**3 - 3*z**2 - 7*z + 1. Calculate the remainder when f(7) is divided by 79.
69
Suppose 17*m - 405 - 683 = 0. Calculate the remainder when -6*3*m/(-12) is divided by 25.
21
Let h = -33 - 1. Let n = -1 - h. Calculate the remainder when n is divided by 6.
3
Suppose -h - 9 = 4*t - 50, 5*t - h - 49 = 0. Calculate the remainder when t is divided by 10.
0
Let p = -23 + 3